{"id":1206,"date":"2023-03-07T17:22:26","date_gmt":"2023-03-07T17:22:26","guid":{"rendered":"https:\/\/coblue.com.br\/store\/?post_type=product&#038;p=1206"},"modified":"2023-06-03T01:11:58","modified_gmt":"2023-06-03T01:11:58","slug":"relatorios-de-acompanhamento-de-processos","status":"publish","type":"product","link":"https:\/\/coblue.com.br\/store\/produto\/relatorios-de-acompanhamento-de-processos\/","title":{"rendered":"Relat\u00f3rios Personalizados"},"content":{"rendered":"\t\t<div data-elementor-type=\"wp-post\" data-elementor-id=\"1206\" class=\"elementor elementor-1206\">\n\t\t\t\t\t\t<section class=\"elementor-section elementor-top-section elementor-element elementor-element-0c1e92d elementor-section-boxed elementor-section-height-default elementor-section-height-default\" data-id=\"0c1e92d\" data-element_type=\"section\">\n\t\t\t\t\t\t<div class=\"elementor-container elementor-column-gap-default\">\n\t\t\t\t\t<div class=\"elementor-column elementor-col-100 elementor-top-column elementor-element elementor-element-4317956\" data-id=\"4317956\" data-element_type=\"column\">\n\t\t\t<div class=\"elementor-widget-wrap elementor-element-populated\">\n\t\t\t\t\t\t<div class=\"elementor-element elementor-element-9de4567 elementor-align-center elementor-widget elementor-widget-button\" data-id=\"9de4567\" data-element_type=\"widget\" data-widget_type=\"button.default\">\n\t\t\t\t<div class=\"elementor-widget-container\">\n\t\t\t\t\t\t\t\t\t<div class=\"elementor-button-wrapper\">\n\t\t\t\t\t<a class=\"elementor-button elementor-button-link elementor-size-md\" href=\"https:\/\/promo.coblue.com.br\/store-conversao\">\n\t\t\t\t\t\t<span class=\"elementor-button-content-wrapper\">\n\t\t\t\t\t\t\t\t\t<span class=\"elementor-button-text\">Solicite um or\u00e7amento<\/span>\n\t\t\t\t\t<\/span>\n\t\t\t\t\t<\/a>\n\t\t\t\t<\/div>\n\t\t\t\t\t\t\t\t<\/div>\n\t\t\t\t<\/div>\n\t\t\t\t<div class=\"elementor-element elementor-element-68dcfc4 elementor-widget elementor-widget-spacer\" data-id=\"68dcfc4\" data-element_type=\"widget\" data-widget_type=\"spacer.default\">\n\t\t\t\t<div class=\"elementor-widget-container\">\n\t\t\t\t\t\t\t<div class=\"elementor-spacer\">\n\t\t\t<div class=\"elementor-spacer-inner\"><\/div>\n\t\t<\/div>\n\t\t\t\t\t\t<\/div>\n\t\t\t\t<\/div>\n\t\t\t\t<div class=\"elementor-element elementor-element-674bed7 elementor-widget elementor-widget-heading\" data-id=\"674bed7\" data-element_type=\"widget\" data-widget_type=\"heading.default\">\n\t\t\t\t<div class=\"elementor-widget-container\">\n\t\t\t\t\t<h2 class=\"elementor-heading-title elementor-size-default\">Acompanhe em tempo real os processos internos da sua gest\u00e3o<\/h2>\t\t\t\t<\/div>\n\t\t\t\t<\/div>\n\t\t\t\t<section class=\"elementor-section elementor-inner-section elementor-element elementor-element-1e8bf9b elementor-section-boxed elementor-section-height-default elementor-section-height-default\" data-id=\"1e8bf9b\" data-element_type=\"section\">\n\t\t\t\t\t\t<div class=\"elementor-container elementor-column-gap-default\">\n\t\t\t\t\t<div class=\"elementor-column elementor-col-50 elementor-inner-column elementor-element elementor-element-3a7dcce\" data-id=\"3a7dcce\" data-element_type=\"column\">\n\t\t\t<div class=\"elementor-widget-wrap elementor-element-populated\">\n\t\t\t\t\t\t<div class=\"elementor-element elementor-element-7cb1bea elementor-widget elementor-widget-image\" data-id=\"7cb1bea\" data-element_type=\"widget\" data-widget_type=\"image.default\">\n\t\t\t\t<div class=\"elementor-widget-container\">\n\t\t\t\t\t\t\t\t\t\t\t\t\t\t\t<img fetchpriority=\"high\" decoding=\"async\" width=\"798\" height=\"816\" src=\"https:\/\/coblue.com.br\/store\/wp-content\/uploads\/2023\/03\/RELATORIOS-GESTAO-PROCESSOS-1.png\" class=\"attachment-large size-large wp-image-1207\" alt=\"\" srcset=\"https:\/\/coblue.com.br\/store\/wp-content\/uploads\/2023\/03\/RELATORIOS-GESTAO-PROCESSOS-1.png 798w, https:\/\/coblue.com.br\/store\/wp-content\/uploads\/2023\/03\/RELATORIOS-GESTAO-PROCESSOS-1-293x300.png 293w, https:\/\/coblue.com.br\/store\/wp-content\/uploads\/2023\/03\/RELATORIOS-GESTAO-PROCESSOS-1-768x785.png 768w, https:\/\/coblue.com.br\/store\/wp-content\/uploads\/2023\/03\/RELATORIOS-GESTAO-PROCESSOS-1-143x146.png 143w, https:\/\/coblue.com.br\/store\/wp-content\/uploads\/2023\/03\/RELATORIOS-GESTAO-PROCESSOS-1-50x50.png 50w, https:\/\/coblue.com.br\/store\/wp-content\/uploads\/2023\/03\/RELATORIOS-GESTAO-PROCESSOS-1-73x75.png 73w\" sizes=\"(max-width: 798px) 100vw, 798px\" \/>\t\t\t\t\t\t\t\t\t\t\t\t\t\t\t<\/div>\n\t\t\t\t<\/div>\n\t\t\t\t\t<\/div>\n\t\t<\/div>\n\t\t\t\t<div class=\"elementor-column elementor-col-50 elementor-inner-column elementor-element elementor-element-31c4f7d\" data-id=\"31c4f7d\" data-element_type=\"column\">\n\t\t\t<div class=\"elementor-widget-wrap elementor-element-populated\">\n\t\t\t\t\t\t<div class=\"elementor-element elementor-element-050b2fa elementor-widget elementor-widget-heading\" data-id=\"050b2fa\" data-element_type=\"widget\" data-widget_type=\"heading.default\">\n\t\t\t\t<div class=\"elementor-widget-container\">\n\t\t\t\t\t<h3 class=\"elementor-heading-title elementor-size-default\">Relat\u00f3rio de acompanhamento de <font color=\"#009ada\"><u>Avalia\u00e7\u00f5es e Pesquisas<\/u><\/font><\/h3>\t\t\t\t<\/div>\n\t\t\t\t<\/div>\n\t\t\t\t<div class=\"elementor-element elementor-element-c4de823 elementor-widget elementor-widget-text-editor\" data-id=\"c4de823\" data-element_type=\"widget\" data-widget_type=\"text-editor.default\">\n\t\t\t\t<div class=\"elementor-widget-container\">\n\t\t\t\t\t\t\t\t\t<p>Acompanhe o status das suas avalia\u00e7\u00f5es e pesquisas.<\/p><p>Identifique quais equipes e grupos de cargos est\u00e3o pendentes.<\/p><p>Crie planos de a\u00e7\u00e3o para agir com assertividade.<\/p>\t\t\t\t\t\t\t\t<\/div>\n\t\t\t\t<\/div>\n\t\t\t\t\t<\/div>\n\t\t<\/div>\n\t\t\t\t\t<\/div>\n\t\t<\/section>\n\t\t\t\t<div class=\"elementor-element elementor-element-0aacf98 elementor-widget elementor-widget-spacer\" data-id=\"0aacf98\" data-element_type=\"widget\" data-widget_type=\"spacer.default\">\n\t\t\t\t<div class=\"elementor-widget-container\">\n\t\t\t\t\t\t\t<div class=\"elementor-spacer\">\n\t\t\t<div class=\"elementor-spacer-inner\"><\/div>\n\t\t<\/div>\n\t\t\t\t\t\t<\/div>\n\t\t\t\t<\/div>\n\t\t\t\t<div class=\"elementor-element elementor-element-6bb0e2d elementor-widget elementor-widget-spacer\" data-id=\"6bb0e2d\" data-element_type=\"widget\" data-widget_type=\"spacer.default\">\n\t\t\t\t<div class=\"elementor-widget-container\">\n\t\t\t\t\t\t\t<div class=\"elementor-spacer\">\n\t\t\t<div class=\"elementor-spacer-inner\"><\/div>\n\t\t<\/div>\n\t\t\t\t\t\t<\/div>\n\t\t\t\t<\/div>\n\t\t\t\t<section class=\"elementor-section elementor-inner-section elementor-element elementor-element-89e373f elementor-section-boxed elementor-section-height-default elementor-section-height-default\" data-id=\"89e373f\" data-element_type=\"section\">\n\t\t\t\t\t\t<div class=\"elementor-container elementor-column-gap-default\">\n\t\t\t\t\t<div class=\"elementor-column elementor-col-50 elementor-inner-column elementor-element elementor-element-568aead\" data-id=\"568aead\" data-element_type=\"column\">\n\t\t\t<div class=\"elementor-widget-wrap elementor-element-populated\">\n\t\t\t\t\t\t<div class=\"elementor-element elementor-element-e8cce6f elementor-widget elementor-widget-heading\" data-id=\"e8cce6f\" data-element_type=\"widget\" data-widget_type=\"heading.default\">\n\t\t\t\t<div class=\"elementor-widget-container\">\n\t\t\t\t\t<h3 class=\"elementor-heading-title elementor-size-default\">Relat\u00f3rio de acompanhamento de  <font color=\"#009ada\"><u>Feedbacks<\/u><\/font><\/h3>\t\t\t\t<\/div>\n\t\t\t\t<\/div>\n\t\t\t\t<div class=\"elementor-element elementor-element-fee700a elementor-widget elementor-widget-text-editor\" data-id=\"fee700a\" data-element_type=\"widget\" data-widget_type=\"text-editor.default\">\n\t\t\t\t<div class=\"elementor-widget-container\">\n\t\t\t\t\t\t\t\t\t<p>Verifique a quantidade de feedbacks enviados, recebidos e pendentes na sua empresa.<\/p><p>Identifique as equipes e grupos de cargos que mais praticam feedbacks.<\/p><p>Crie planos para incentivar uma cultura de comunica\u00e7\u00e3o na empresa.<\/p>\t\t\t\t\t\t\t\t<\/div>\n\t\t\t\t<\/div>\n\t\t\t\t\t<\/div>\n\t\t<\/div>\n\t\t\t\t<div class=\"elementor-column elementor-col-50 elementor-inner-column elementor-element elementor-element-5223656\" data-id=\"5223656\" data-element_type=\"column\">\n\t\t\t<div class=\"elementor-widget-wrap elementor-element-populated\">\n\t\t\t\t\t\t<div class=\"elementor-element elementor-element-02779ab elementor-widget elementor-widget-image\" data-id=\"02779ab\" data-element_type=\"widget\" data-widget_type=\"image.default\">\n\t\t\t\t<div class=\"elementor-widget-container\">\n\t\t\t\t\t\t\t\t\t\t\t\t\t\t\t<img decoding=\"async\" width=\"815\" height=\"444\" src=\"https:\/\/coblue.com.br\/store\/wp-content\/uploads\/2023\/03\/RELATORIOS-GESTAO-PROCESSOS-9.png\" class=\"attachment-large size-large wp-image-1209\" alt=\"\" srcset=\"https:\/\/coblue.com.br\/store\/wp-content\/uploads\/2023\/03\/RELATORIOS-GESTAO-PROCESSOS-9.png 815w, https:\/\/coblue.com.br\/store\/wp-content\/uploads\/2023\/03\/RELATORIOS-GESTAO-PROCESSOS-9-300x163.png 300w, https:\/\/coblue.com.br\/store\/wp-content\/uploads\/2023\/03\/RELATORIOS-GESTAO-PROCESSOS-9-768x418.png 768w, https:\/\/coblue.com.br\/store\/wp-content\/uploads\/2023\/03\/RELATORIOS-GESTAO-PROCESSOS-9-260x142.png 260w, https:\/\/coblue.com.br\/store\/wp-content\/uploads\/2023\/03\/RELATORIOS-GESTAO-PROCESSOS-9-50x27.png 50w, https:\/\/coblue.com.br\/store\/wp-content\/uploads\/2023\/03\/RELATORIOS-GESTAO-PROCESSOS-9-138x75.png 138w, https:\/\/coblue.com.br\/store\/wp-content\/uploads\/2023\/03\/RELATORIOS-GESTAO-PROCESSOS-9-800x436.png 800w\" sizes=\"(max-width: 815px) 100vw, 815px\" \/>\t\t\t\t\t\t\t\t\t\t\t\t\t\t\t<\/div>\n\t\t\t\t<\/div>\n\t\t\t\t\t<\/div>\n\t\t<\/div>\n\t\t\t\t\t<\/div>\n\t\t<\/section>\n\t\t\t\t<div class=\"elementor-element elementor-element-60765ab elementor-widget elementor-widget-spacer\" data-id=\"60765ab\" data-element_type=\"widget\" data-widget_type=\"spacer.default\">\n\t\t\t\t<div class=\"elementor-widget-container\">\n\t\t\t\t\t\t\t<div class=\"elementor-spacer\">\n\t\t\t<div class=\"elementor-spacer-inner\"><\/div>\n\t\t<\/div>\n\t\t\t\t\t\t<\/div>\n\t\t\t\t<\/div>\n\t\t\t\t<div class=\"elementor-element elementor-element-3ad0d92 elementor-widget elementor-widget-spacer\" data-id=\"3ad0d92\" data-element_type=\"widget\" data-widget_type=\"spacer.default\">\n\t\t\t\t<div class=\"elementor-widget-container\">\n\t\t\t\t\t\t\t<div class=\"elementor-spacer\">\n\t\t\t<div class=\"elementor-spacer-inner\"><\/div>\n\t\t<\/div>\n\t\t\t\t\t\t<\/div>\n\t\t\t\t<\/div>\n\t\t\t\t<section class=\"elementor-section elementor-inner-section elementor-element elementor-element-7becff2 elementor-section-boxed elementor-section-height-default elementor-section-height-default\" data-id=\"7becff2\" data-element_type=\"section\">\n\t\t\t\t\t\t<div class=\"elementor-container elementor-column-gap-default\">\n\t\t\t\t\t<div class=\"elementor-column elementor-col-50 elementor-inner-column elementor-element elementor-element-0a6d420\" data-id=\"0a6d420\" data-element_type=\"column\">\n\t\t\t<div class=\"elementor-widget-wrap elementor-element-populated\">\n\t\t\t\t\t\t<div class=\"elementor-element elementor-element-c1f4396 elementor-widget elementor-widget-image\" data-id=\"c1f4396\" data-element_type=\"widget\" data-widget_type=\"image.default\">\n\t\t\t\t<div class=\"elementor-widget-container\">\n\t\t\t\t\t\t\t\t\t\t\t\t\t\t\t<img decoding=\"async\" width=\"807\" height=\"438\" src=\"https:\/\/coblue.com.br\/store\/wp-content\/uploads\/2023\/03\/RELATORIOS-GESTAO-PROCESSOS-10.png\" class=\"attachment-large size-large wp-image-1208\" alt=\"\" srcset=\"https:\/\/coblue.com.br\/store\/wp-content\/uploads\/2023\/03\/RELATORIOS-GESTAO-PROCESSOS-10.png 807w, https:\/\/coblue.com.br\/store\/wp-content\/uploads\/2023\/03\/RELATORIOS-GESTAO-PROCESSOS-10-300x163.png 300w, https:\/\/coblue.com.br\/store\/wp-content\/uploads\/2023\/03\/RELATORIOS-GESTAO-PROCESSOS-10-768x417.png 768w, https:\/\/coblue.com.br\/store\/wp-content\/uploads\/2023\/03\/RELATORIOS-GESTAO-PROCESSOS-10-260x141.png 260w, https:\/\/coblue.com.br\/store\/wp-content\/uploads\/2023\/03\/RELATORIOS-GESTAO-PROCESSOS-10-50x27.png 50w, https:\/\/coblue.com.br\/store\/wp-content\/uploads\/2023\/03\/RELATORIOS-GESTAO-PROCESSOS-10-138x75.png 138w, https:\/\/coblue.com.br\/store\/wp-content\/uploads\/2023\/03\/RELATORIOS-GESTAO-PROCESSOS-10-800x434.png 800w\" sizes=\"(max-width: 807px) 100vw, 807px\" \/>\t\t\t\t\t\t\t\t\t\t\t\t\t\t\t<\/div>\n\t\t\t\t<\/div>\n\t\t\t\t\t<\/div>\n\t\t<\/div>\n\t\t\t\t<div class=\"elementor-column elementor-col-50 elementor-inner-column elementor-element elementor-element-c09ae41\" data-id=\"c09ae41\" data-element_type=\"column\">\n\t\t\t<div class=\"elementor-widget-wrap elementor-element-populated\">\n\t\t\t\t\t\t<div class=\"elementor-element elementor-element-8800fb1 elementor-widget elementor-widget-heading\" data-id=\"8800fb1\" data-element_type=\"widget\" data-widget_type=\"heading.default\">\n\t\t\t\t<div class=\"elementor-widget-container\">\n\t\t\t\t\t<h3 class=\"elementor-heading-title elementor-size-default\">Relat\u00f3rio de acompanhamento de  <font color=\"#009ada\"><u>PDI<\/u><\/font><\/h3>\t\t\t\t<\/div>\n\t\t\t\t<\/div>\n\t\t\t\t<div class=\"elementor-element elementor-element-006b229 elementor-widget elementor-widget-text-editor\" data-id=\"006b229\" data-element_type=\"widget\" data-widget_type=\"text-editor.default\">\n\t\t\t\t<div class=\"elementor-widget-container\">\n\t\t\t\t\t\t\t\t\t<p>Acompanhe o processo de cria\u00e7\u00e3o do PDI dos colaboradores.<\/p><p>Identifique quais colaboradores ainda n\u00e3o possuem um PDI e fa\u00e7a campanhas de conscientiza\u00e7\u00e3o.<\/p><p>Tenha uma vis\u00e3o clara do andamento e conclus\u00e3o dos PDIs de cada colaborador.<\/p>\t\t\t\t\t\t\t\t<\/div>\n\t\t\t\t<\/div>\n\t\t\t\t\t<\/div>\n\t\t<\/div>\n\t\t\t\t\t<\/div>\n\t\t<\/section>\n\t\t\t\t<div class=\"elementor-element elementor-element-ab233e3 elementor-widget elementor-widget-spacer\" data-id=\"ab233e3\" data-element_type=\"widget\" data-widget_type=\"spacer.default\">\n\t\t\t\t<div class=\"elementor-widget-container\">\n\t\t\t\t\t\t\t<div class=\"elementor-spacer\">\n\t\t\t<div class=\"elementor-spacer-inner\"><\/div>\n\t\t<\/div>\n\t\t\t\t\t\t<\/div>\n\t\t\t\t<\/div>\n\t\t\t\t<div class=\"elementor-element elementor-element-960ec0b elementor-widget elementor-widget-spacer\" data-id=\"960ec0b\" data-element_type=\"widget\" data-widget_type=\"spacer.default\">\n\t\t\t\t<div class=\"elementor-widget-container\">\n\t\t\t\t\t\t\t<div class=\"elementor-spacer\">\n\t\t\t<div class=\"elementor-spacer-inner\"><\/div>\n\t\t<\/div>\n\t\t\t\t\t\t<\/div>\n\t\t\t\t<\/div>\n\t\t\t\t<section class=\"elementor-section elementor-inner-section elementor-element elementor-element-408ae18 elementor-section-boxed elementor-section-height-default elementor-section-height-default\" data-id=\"408ae18\" data-element_type=\"section\">\n\t\t\t\t\t\t<div class=\"elementor-container elementor-column-gap-default\">\n\t\t\t\t\t<div class=\"elementor-column elementor-col-50 elementor-inner-column elementor-element elementor-element-69bf3a1\" data-id=\"69bf3a1\" data-element_type=\"column\">\n\t\t\t<div class=\"elementor-widget-wrap elementor-element-populated\">\n\t\t\t\t\t\t<div class=\"elementor-element elementor-element-bb41732 elementor-widget elementor-widget-heading\" data-id=\"bb41732\" data-element_type=\"widget\" data-widget_type=\"heading.default\">\n\t\t\t\t<div class=\"elementor-widget-container\">\n\t\t\t\t\t<h3 class=\"elementor-heading-title elementor-size-default\">Relat\u00f3rio de acompanhamento de  <font color=\"#009ada\"><u>Metas<\/u><\/font><\/h3>\t\t\t\t<\/div>\n\t\t\t\t<\/div>\n\t\t\t\t<div class=\"elementor-element elementor-element-ee3adc7 elementor-widget elementor-widget-text-editor\" data-id=\"ee3adc7\" data-element_type=\"widget\" data-widget_type=\"text-editor.default\">\n\t\t\t\t<div class=\"elementor-widget-container\">\n\t\t\t\t\t\t\t\t\t<p>Analise o status do processo de defini\u00e7\u00e3o de metas da sua empresa.<\/p><p>Identifique os usu\u00e1rios que ainda n\u00e3o possuem metas definidas e tome a\u00e7\u00f5es para solucionar isso.<\/p><p>Acompanhe a quantidade de metas criadas e a distribui\u00e7\u00e3o por equipes e grupos de cargos.<\/p>\t\t\t\t\t\t\t\t<\/div>\n\t\t\t\t<\/div>\n\t\t\t\t\t<\/div>\n\t\t<\/div>\n\t\t\t\t<div class=\"elementor-column elementor-col-50 elementor-inner-column elementor-element elementor-element-0e4828b\" data-id=\"0e4828b\" data-element_type=\"column\">\n\t\t\t<div class=\"elementor-widget-wrap elementor-element-populated\">\n\t\t\t\t\t\t<div class=\"elementor-element elementor-element-0918add elementor-widget elementor-widget-image\" data-id=\"0918add\" data-element_type=\"widget\" data-widget_type=\"image.default\">\n\t\t\t\t<div class=\"elementor-widget-container\">\n\t\t\t\t\t\t\t\t\t\t\t\t\t\t\t<img loading=\"lazy\" decoding=\"async\" width=\"857\" height=\"379\" src=\"https:\/\/coblue.com.br\/store\/wp-content\/uploads\/2023\/03\/RELATORIOS-GESTAO-PROCESSOS-2.png\" class=\"attachment-large size-large wp-image-1216\" alt=\"\" srcset=\"https:\/\/coblue.com.br\/store\/wp-content\/uploads\/2023\/03\/RELATORIOS-GESTAO-PROCESSOS-2.png 857w, https:\/\/coblue.com.br\/store\/wp-content\/uploads\/2023\/03\/RELATORIOS-GESTAO-PROCESSOS-2-300x133.png 300w, https:\/\/coblue.com.br\/store\/wp-content\/uploads\/2023\/03\/RELATORIOS-GESTAO-PROCESSOS-2-768x340.png 768w, https:\/\/coblue.com.br\/store\/wp-content\/uploads\/2023\/03\/RELATORIOS-GESTAO-PROCESSOS-2-260x115.png 260w, https:\/\/coblue.com.br\/store\/wp-content\/uploads\/2023\/03\/RELATORIOS-GESTAO-PROCESSOS-2-50x22.png 50w, https:\/\/coblue.com.br\/store\/wp-content\/uploads\/2023\/03\/RELATORIOS-GESTAO-PROCESSOS-2-150x66.png 150w, https:\/\/coblue.com.br\/store\/wp-content\/uploads\/2023\/03\/RELATORIOS-GESTAO-PROCESSOS-2-800x354.png 800w\" sizes=\"(max-width: 857px) 100vw, 857px\" \/>\t\t\t\t\t\t\t\t\t\t\t\t\t\t\t<\/div>\n\t\t\t\t<\/div>\n\t\t\t\t\t<\/div>\n\t\t<\/div>\n\t\t\t\t\t<\/div>\n\t\t<\/section>\n\t\t\t\t<div class=\"elementor-element elementor-element-2261b36 elementor-widget elementor-widget-spacer\" data-id=\"2261b36\" data-element_type=\"widget\" data-widget_type=\"spacer.default\">\n\t\t\t\t<div class=\"elementor-widget-container\">\n\t\t\t\t\t\t\t<div class=\"elementor-spacer\">\n\t\t\t<div class=\"elementor-spacer-inner\"><\/div>\n\t\t<\/div>\n\t\t\t\t\t\t<\/div>\n\t\t\t\t<\/div>\n\t\t\t\t<div class=\"elementor-element elementor-element-6be10ee elementor-widget elementor-widget-spacer\" data-id=\"6be10ee\" data-element_type=\"widget\" data-widget_type=\"spacer.default\">\n\t\t\t\t<div class=\"elementor-widget-container\">\n\t\t\t\t\t\t\t<div class=\"elementor-spacer\">\n\t\t\t<div class=\"elementor-spacer-inner\"><\/div>\n\t\t<\/div>\n\t\t\t\t\t\t<\/div>\n\t\t\t\t<\/div>\n\t\t\t\t\t<\/div>\n\t\t<\/div>\n\t\t\t\t\t<\/div>\n\t\t<\/section>\n\t\t\t\t<section class=\"elementor-section elementor-top-section elementor-element elementor-element-d120b9b elementor-section-boxed elementor-section-height-default elementor-section-height-default\" data-id=\"d120b9b\" data-element_type=\"section\">\n\t\t\t\t\t\t<div class=\"elementor-container elementor-column-gap-default\">\n\t\t\t\t\t<div class=\"elementor-column elementor-col-100 elementor-top-column elementor-element elementor-element-0c2100a\" data-id=\"0c2100a\" data-element_type=\"column\">\n\t\t\t<div class=\"elementor-widget-wrap elementor-element-populated\">\n\t\t\t\t\t\t<div class=\"elementor-element elementor-element-8e2b362 elementor-align-center elementor-widget elementor-widget-button\" data-id=\"8e2b362\" data-element_type=\"widget\" data-widget_type=\"button.default\">\n\t\t\t\t<div class=\"elementor-widget-container\">\n\t\t\t\t\t\t\t\t\t<div class=\"elementor-button-wrapper\">\n\t\t\t\t\t<a class=\"elementor-button elementor-button-link elementor-size-md\" href=\"https:\/\/promo.coblue.com.br\/store-conversao\">\n\t\t\t\t\t\t<span class=\"elementor-button-content-wrapper\">\n\t\t\t\t\t\t\t\t\t<span class=\"elementor-button-text\">Solicite um or\u00e7amento<\/span>\n\t\t\t\t\t<\/span>\n\t\t\t\t\t<\/a>\n\t\t\t\t<\/div>\n\t\t\t\t\t\t\t\t<\/div>\n\t\t\t\t<\/div>\n\t\t\t\t\t<\/div>\n\t\t<\/div>\n\t\t\t\t\t<\/div>\n\t\t<\/section>\n\t\t\t\t<\/div>\n\t\t","protected":false},"excerpt":{"rendered":"<p><strong>\ud83d\udcb2 Valores sob consulta. Solicite um or\u00e7amento!<\/strong><\/p>\n<p>Com o objetivo de gerar insights e trazer intelig\u00eancia para seus dados, nossas solu\u00e7\u00f5es em relat\u00f3rios apoiam l\u00edderes e profissionais de RH na tomada de decis\u00f5es e na gest\u00e3o de processos.<\/p>\n<p>\u2714 Identifique gaps e pend\u00eancias,<\/p>\n<p>\u2714 Acompanhe o andamentos das avalia\u00e7\u00f5es, pesquisas, feedbacks, metas e PDIs.<\/p>\n<p>\u2714 Fa\u00e7a planos de a\u00e7\u00f5es mais assertivos<\/p>\n<p>\u2714 Extraia dados e construa seu pr\u00f3prio dashboard<\/p>\n<p>\u2714 Crie filtros personalizados<\/p>\n","protected":false},"featured_media":1288,"template":"","meta":[],"product_brand":[],"product_cat":[124],"product_tag":[],"class_list":{"0":"post-1206","1":"product","2":"type-product","3":"status-publish","4":"has-post-thumbnail","6":"product_cat-relatorios","8":"first","9":"instock","10":"shipping-taxable","11":"product-type-external"},"_links":{"self":[{"href":"https:\/\/coblue.com.br\/store\/wp-json\/wp\/v2\/product\/1206","targetHints":{"allow":["GET"]}}],"collection":[{"href":"https:\/\/coblue.com.br\/store\/wp-json\/wp\/v2\/product"}],"about":[{"href":"https:\/\/coblue.com.br\/store\/wp-json\/wp\/v2\/types\/product"}],"version-history":[{"count":100,"href":"https:\/\/coblue.com.br\/store\/wp-json\/wp\/v2\/product\/1206\/revisions"}],"predecessor-version":[{"id":1698,"href":"https:\/\/coblue.com.br\/store\/wp-json\/wp\/v2\/product\/1206\/revisions\/1698"}],"wp:featuredmedia":[{"embeddable":true,"href":"https:\/\/coblue.com.br\/store\/wp-json\/wp\/v2\/media\/1288"}],"wp:attachment":[{"href":"https:\/\/coblue.com.br\/store\/wp-json\/wp\/v2\/media?parent=1206"}],"wp:term":[{"taxonomy":"product_brand","embeddable":true,"href":"https:\/\/coblue.com.br\/store\/wp-json\/wp\/v2\/product_brand?post=1206"},{"taxonomy":"product_cat","embeddable":true,"href":"https:\/\/coblue.com.br\/store\/wp-json\/wp\/v2\/product_cat?post=1206"},{"taxonomy":"product_tag","embeddable":true,"href":"https:\/\/coblue.com.br\/store\/wp-json\/wp\/v2\/product_tag?post=1206"}],"curies":[{"name":"wp","href":"https:\/\/api.w.org\/{rel}","templated":true}]}}